{"id":26,"date":"2021-12-25T00:00:05","date_gmt":"2021-12-24T23:00:05","guid":{"rendered":"https:\/\/hafhaf.cz\/?page_id=26"},"modified":"2022-01-02T01:46:44","modified_gmt":"2022-01-02T00:46:44","slug":"kontakt","status":"publish","type":"page","link":"https:\/\/hafhaf.eu\/?page_id=26","title":{"rendered":"KONTAKT"},"content":{"rendered":"\n<h1 class=\"wp-block-heading\" id=\"custom-title-h1-1\"><\/h1>\n\n\n\n<p><strong>Jiri Svozil<\/strong><br>Olomouc, Dvo\u0159\u00e1kova 222\/32<br>Tel: +420 720 051 979<br>I\u010c: 26845351<br><strong>info@hafhaf.eu<\/strong> V p\u0159\u00edpad\u011b, \u017ee dojde mezi n\u00e1mi a spot\u0159ebitelem ke vzniku spot\u0159ebitelsk\u00e9ho sporu z kupn\u00ed smlouvy nebo ze smlouvy o poskytov\u00e1n\u00ed slu\u017eeb, kter\u00fd se nepoda\u0159\u00ed vy\u0159e\u0161it vz\u00e1jemnou dohodou, m\u016f\u017ee spot\u0159ebitel podat n\u00e1vrh na mimosoudn\u00ed \u0159e\u0161en\u00ed takov\u00e9ho sporu ur\u010den\u00e9mu subjektu mimosoudn\u00edho \u0159e\u0161en\u00ed spot\u0159ebitelsk\u00fdch spor\u016f, kter\u00fdm je \u010cesk\u00e1 obchodn\u00ed inspekce \u00dast\u0159edn\u00ed inspektor\u00e1t \u2013 odd\u011blen\u00ed ADR, 120 00 Praha 2, \u0160t\u011bp\u00e1nsk\u00e1 15.Email:&nbsp;<a href=\"javascript:DeCryptX('1b0d2t3C3f3r3l1\/0c3}')\">adr@coi.cz<\/a>&nbsp;Web:&nbsp;<a rel=\"noreferrer noopener\" href=\"https:\/\/www.coi.cz\/informace-o-adr\/\" target=\"_blank\">adr.coi.cz<\/a>\u201ePodle z\u00e1kona o evidenci tr\u017eeb je prod\u00e1vaj\u00edc\u00ed povinen vystavit kupuj\u00edc\u00edmu \u00fa\u010dtenku. Z\u00e1rove\u0148 je povinen zaevidovat p\u0159ijatou tr\u017ebu u spr\u00e1vce dan\u011b online; v p\u0159\u00edpad\u011b technick\u00e9ho v\u00fdpadku pak nejpozd\u011bji do 48 hodin.\u201c<\/p>\n","protected":false},"excerpt":{"rendered":"<p>Jiri SvozilOlomouc, Dvo\u0159\u00e1kova 222\/32Tel: +420 720 051 979I\u010c: 26845351info@hafhaf.eu V p\u0159\u00edpad\u011b, \u017ee dojde mezi n\u00e1mi a spot\u0159ebitelem ke vzniku spot\u0159ebitelsk\u00e9ho sporu z kupn\u00ed smlouvy nebo ze smlouvy o poskytov\u00e1n\u00ed slu\u017eeb, kter\u00fd se nepoda\u0159\u00ed vy\u0159e\u0161it vz\u00e1jemnou dohodou, m\u016f\u017ee spot\u0159ebitel podat n\u00e1vrh na mimosoudn\u00ed \u0159e\u0161en\u00ed takov\u00e9ho sporu ur\u010den\u00e9mu subjektu mimosoudn\u00edho \u0159e\u0161en\u00ed spot\u0159ebitelsk\u00fdch spor\u016f, kter\u00fdm je \u010cesk\u00e1 obchodn\u00ed &hellip;<\/p>\n<p class=\"read-more\"> <a class=\"\" href=\"https:\/\/hafhaf.eu\/?page_id=26\"> <span class=\"screen-reader-text\">KONTAKT<\/span> Pokra\u010dovat ve \u010dten\u00ed &raquo;<\/a><\/p>\n","protected":false},"author":1,"featured_media":0,"parent":0,"menu_order":0,"comment_status":"closed","ping_status":"closed","template":"","meta":{"site-sidebar-layout":"default","site-content-layout":"default","ast-main-header-display":"","ast-hfb-above-header-display":"","ast-hfb-below-header-display":"","ast-hfb-mobile-header-display":"","site-post-title":"","ast-breadcrumbs-content":"","ast-featured-img":"","footer-sml-layout":"","theme-transparent-header-meta":"","adv-header-id-meta":"","stick-header-meta":"","header-above-stick-meta":"","header-main-stick-meta":"","header-below-stick-meta":"","footnotes":""},"class_list":["post-26","page","type-page","status-publish","hentry"],"_links":{"self":[{"href":"https:\/\/hafhaf.eu\/index.php?rest_route=\/wp\/v2\/pages\/26","targetHints":{"allow":["GET"]}}],"collection":[{"href":"https:\/\/hafhaf.eu\/index.php?rest_route=\/wp\/v2\/pages"}],"about":[{"href":"https:\/\/hafhaf.eu\/index.php?rest_route=\/wp\/v2\/types\/page"}],"author":[{"embeddable":true,"href":"https:\/\/hafhaf.eu\/index.php?rest_route=\/wp\/v2\/users\/1"}],"replies":[{"embeddable":true,"href":"https:\/\/hafhaf.eu\/index.php?rest_route=%2Fwp%2Fv2%2Fcomments&post=26"}],"version-history":[{"count":4,"href":"https:\/\/hafhaf.eu\/index.php?rest_route=\/wp\/v2\/pages\/26\/revisions"}],"predecessor-version":[{"id":204,"href":"https:\/\/hafhaf.eu\/index.php?rest_route=\/wp\/v2\/pages\/26\/revisions\/204"}],"wp:attachment":[{"href":"https:\/\/hafhaf.eu\/index.php?rest_route=%2Fwp%2Fv2%2Fmedia&parent=26"}],"curies":[{"name":"wp","href":"https:\/\/api.w.org\/{rel}","templated":true}]}}