{"id":116,"date":"2021-12-31T11:11:05","date_gmt":"2021-12-31T10:11:05","guid":{"rendered":"https:\/\/hafhaf.eu\/?post_type=product&#038;p=116"},"modified":"2022-01-02T14:32:00","modified_gmt":"2022-01-02T13:32:00","slug":"canvit-chondro-super-pro-psy-ochucene-tbl-166-500g","status":"publish","type":"product","link":"https:\/\/hafhaf.eu\/?product=canvit-chondro-super-pro-psy-ochucene-tbl-166-500g","title":{"rendered":"Canvit Chondro Super pro psy ochucen\u00e9 tbl.166\/500g"},"content":{"rendered":"<ul class=\"ui--tabs-contents text-left clearfix\">\n<li id=\"description\" class=\"first-item last-item active\"><strong>Velmi chutn\u00e1 a \u00fa\u010dinn\u00e1\u00a0kloubn\u00ed v\u00fd\u017eiva se 100% p\u0159\u00edrodn\u00ed chut\u00ed \u010derstv\u00fdch jater<\/strong>\u00a0<strong>pro podporu\u00a0l\u00e9\u010dby, intenzivn\u00ed regeneraci a\u00a0rychl\u00e9 zastaven\u00ed bolesti kloub\u016f:<\/strong>\n<ul>\n<li>pro\u00a0\u0161t\u011b\u0148ata a mlad\u00e9 rostouc\u00ed psy\u00a0velk\u00fdch plemen (u ob\u0159\u00edch plemen i v\u00a0dosp\u011blosti),<\/li>\n<li>psy s nadm\u011brnou z\u00e1t\u011b\u017e\u00ed pohybov\u00e9ho apar\u00e1tu (sport, v\u00fdcvik, myslivost),<\/li>\n<li>st\u00e1rnouc\u00ed psy a seniory,<\/li>\n<li>psy po \u00farazech a\u00a0operac\u00edch,<\/li>\n<li>p\u0159i chronick\u00fdch\u00a0i akutn\u00edch onemocn\u011bn\u00ed pohybov\u00e9ho apar\u00e1tu (kulh\u00e1n\u00ed, dysplazie, luxace, artr\u00f3za, artritida a dal\u0161\u00ed diagn\u00f3zy).<\/li>\n<\/ul>\n<p>Canvit\u00a0Chondro Super 500g je\u00a0vhodn\u00fd jako ka\u017edodenn\u00ed\u00a0dopln\u011bk l\u00e9\u010dby\u00a0pro psy s diagn\u00f3zou dysplazie ky\u010deln\u00edho kloubu, luxaci \u010d\u00e9\u0161ky, p\u0159i pokro\u010dil\u00e9m stupni artr\u00f3zy \u010di artritidy. D\u00edky vysok\u00e9 chutnosti jsou tablety ochotn\u011b p\u0159ij\u00edm\u00e1ny obdobn\u011b jako pamlsek a nen\u00ed tak nutn\u00e9 je cp\u00e1t psovi do krku nebo maskovat do krmiva.<\/p>\n<p>D\u00edky unik\u00e1tn\u00ed kombinaci l\u00e1tek s prok\u00e1zan\u00fdmi \u00fa\u010dinky na regeneraci kloub\u016f doch\u00e1z\u00ed k rychle pozorovateln\u00fdm zm\u011bn\u00e1m\u00a0na pohybov\u00e9m apar\u00e1tu:<\/p>\n<ul>\n<li>rychl\u00e9 zm\u00edrn\u011bn\u00ed bolest\u00ed kloub\u016f,<\/li>\n<li>v\u00fdrazn\u00e9 pos\u00edlen\u00ed chrupavek,<\/li>\n<li>zv\u00fd\u0161en\u00ed elasticity a\u00a0mechanick\u00e9 odolnosti kloub\u016f,<\/li>\n<li>zpevn\u011bn\u00ed vaz\u016f a \u0161lach.<\/li>\n<\/ul>\n<p><strong><u>Doporu\u010den\u00e9 denn\u00ed d\u00e1vkov\u00e1n\u00ed:<\/u><\/strong><\/p>\n<div>1 tableta na ka\u017ed\u00fdch 20 kg hmotnosti psa<\/div>\n<div>Balen\u00ed Canvit Chondro Super 500g obsahuje 166 ochucen\u00fdch tablet a psovi o hmotnosti 35 kg vydr\u017e\u00ed minim\u00e1ln\u011b na 3 m\u011bs\u00edce. Pro dosa\u017een\u00ed maxim\u00e1ln\u00edho \u00fa\u010dinku je vhodn\u00e9 kloubn\u00ed v\u00fd\u017eivu pod\u00e1vat po dobu alespo\u0148 8-12 t\u00fddn\u016f. U chronick\u00fdch obt\u00ed\u017e\u00ed je mo\u017en\u00e9 kloubn\u00ed v\u00fd\u017eivu pod\u00e1vat trvale. D\u00edky atraktivn\u00ed chutnosti jsou tablety ochotn\u011b a spont\u00e1ln\u011b p\u0159ij\u00edm\u00e1ny jako pamlsek a jsou tak vhodn\u00e9 i pro dlouhodob\u00e9 ka\u017edodenn\u00ed pod\u00e1v\u00e1n\u00ed.<\/div>\n<p><strong><u>Slo\u017een\u00ed:<\/u>\u00a0<\/strong>Glukosamin sulf\u00e1t 16,7 %, chondroitin sulf\u00e1t 6,8 %, MSM (metyl sulfonyl metan) 5 %, kyselina hyaluronov\u00e1 0,5 %, kyselina askorbov\u00e1 0,5 %, lakt\u00f3za, celul\u00f3za, stearan v\u00e1penat\u00fd, modifikovan\u00fd \u0161krob.<\/p>\n<p><u><strong>Analytick\u00e9 slo\u017eky:<\/strong><\/u>\u00a0Hrub\u00fd protein 7,01 %, Obsah tuku 2,07 %, Vlhkost 9,04 %, Hrub\u00e1 vl\u00e1knina 5,50 %, Hrub\u00fd popel 6,95 %.<\/p>\n<p><u><strong>Dopl\u0148kov\u00e9 l\u00e1tky v 1 kg:<\/strong><\/u>\u00a0Nutri\u010dn\u00ed: Vitam\u00edn E (\u03b1-tokoferol acet\u00e1t) (3a700) (3a700) 3 500 mg, vitam\u00edn C (E300) 7 000 mg, Biotin 100 mg, Niacinamid (3a315) 1 500 mg, Mangan (E5, chel\u00e1t manganu a aminokyselin n-hydr\u00e1t) 260 mg, Selen (3b8.11, organick\u00fd selen ze Saccharomyces cerevisiae NCYC R397) 2 mg. Obsahuje antioxidanty.<\/p>\n<p><u><strong>Dostupn\u00e9 varianty:<\/strong><\/u>\u00a0230g (cca 76 tablet), 500g (cca 166 tablet)<\/p>\n<p>Bez obsahu barviv<br \/>\nBez um\u011bl\u00fdch dochucovadel<br \/>\nBez chemick\u00fdch aromatick\u00fdch l\u00e1tek<\/li>\n<\/ul>\n","protected":false},"excerpt":{"rendered":"<p>Kloubn\u00ed v\u00fd\u017eiva pro psy s bolestmi kloub\u016f. Pro rychl\u00e9 zastaven\u00ed bolesti, intenzivn\u00ed regeneraci a \u0159e\u0161en\u00ed akutn\u00edch i chronick\u00fdch kloubn\u00edch obt\u00ed\u017e\u00ed (kulh\u00e1n\u00ed, nemoc, \u00faraz). Pro \u0161t\u011b\u0148ata, rostouc\u00ed psy, dosp\u011bl\u00e9 psy v z\u00e1t\u011b\u017ei, psy s nadv\u00e1hou a obezitou, seniory a st\u00e1rnouc\u00ed psy, psy trp\u00edc\u00ed bolestmi p\u0159i pohybu, psy s diagnostikovan\u00fdm onemocn\u011bn\u00edm kloub\u016f, psy s akutn\u00edmi i chronick\u00fdmi obt\u00ed\u017eemi s pohybov\u00fdm apar\u00e1tem. Vysoce chutn\u00e9 tablety se 100% j\u00e1try pro ka\u017edodenn\u00ed podporu l\u00e9\u010dby po\u0161kozen\u00fdch kloub\u016f, vaz\u016f i \u0161lach.<\/p>\n","protected":false},"featured_media":117,"comment_status":"open","ping_status":"closed","template":"","meta":{"site-sidebar-layout":"no-sidebar","site-content-layout":"default","ast-main-header-display":"","ast-hfb-above-header-display":"","ast-hfb-below-header-display":"","ast-hfb-mobile-header-display":"","site-post-title":"","ast-breadcrumbs-content":"","ast-featured-img":"","footer-sml-layout":"","theme-transparent-header-meta":"","adv-header-id-meta":"","stick-header-meta":"","header-above-stick-meta":"","header-main-stick-meta":"","header-below-stick-meta":""},"product_cat":[21],"product_tag":[],"class_list":{"0":"post-116","1":"product","2":"type-product","3":"status-publish","4":"has-post-thumbnail","6":"product_cat-doporucujeme","7":"product_shipping_class-ppl","9":"first","10":"instock","11":"taxable","12":"shipping-taxable","13":"purchasable","14":"product-type-simple"},"_links":{"self":[{"href":"https:\/\/hafhaf.eu\/index.php?rest_route=\/wp\/v2\/product\/116","targetHints":{"allow":["GET"]}}],"collection":[{"href":"https:\/\/hafhaf.eu\/index.php?rest_route=\/wp\/v2\/product"}],"about":[{"href":"https:\/\/hafhaf.eu\/index.php?rest_route=\/wp\/v2\/types\/product"}],"replies":[{"embeddable":true,"href":"https:\/\/hafhaf.eu\/index.php?rest_route=%2Fwp%2Fv2%2Fcomments&post=116"}],"wp:featuredmedia":[{"embeddable":true,"href":"https:\/\/hafhaf.eu\/index.php?rest_route=\/wp\/v2\/media\/117"}],"wp:attachment":[{"href":"https:\/\/hafhaf.eu\/index.php?rest_route=%2Fwp%2Fv2%2Fmedia&parent=116"}],"wp:term":[{"taxonomy":"product_cat","embeddable":true,"href":"https:\/\/hafhaf.eu\/index.php?rest_route=%2Fwp%2Fv2%2Fproduct_cat&post=116"},{"taxonomy":"product_tag","embeddable":true,"href":"https:\/\/hafhaf.eu\/index.php?rest_route=%2Fwp%2Fv2%2Fproduct_tag&post=116"}],"curies":[{"name":"wp","href":"https:\/\/api.w.org\/{rel}","templated":true}]}}