{"id":189,"date":"2022-01-02T01:29:58","date_gmt":"2022-01-02T00:29:58","guid":{"rendered":"https:\/\/hafhaf.eu\/?post_type=product&#038;p=189"},"modified":"2022-01-02T14:31:24","modified_gmt":"2022-01-02T13:31:24","slug":"afp-plysova-myska-lamb-3-ks-se-santou","status":"publish","type":"product","link":"https:\/\/hafhaf.eu\/?product=afp-plysova-myska-lamb-3-ks-se-santou","title":{"rendered":"AFP Ply\u0161ov\u00e1 my\u0161ka Lamb \u2013 3 ks \u2013 se \u0161antou"},"content":{"rendered":"<ul class=\"ui--tabs-contents text-left clearfix\">\n<li id=\"description\" class=\"first-item last-item active\">\n<h2>Ply\u0161ov\u00e1 my\u0161ka AFP Lamb \u2013 3 ks \u2013 se \u0161antou<\/h2>\n<p>Ply\u0161ov\u00e1 my\u0161ka napu\u0161t\u011bn\u00e1 \u0161antou s oc\u00e1skem s bambulkou. Balen\u00ed 3 ks.<\/p>\n<p>Hebk\u00e1 ply\u0161ov\u00e1 hra\u010dka, kterou si va\u0161e ko\u010dka zamiluje d\u00edky povrchu p\u0159ipom\u00ednaj\u00edc\u00edmu ov\u010d\u00ed vlnu. Tato \u0159ada je spojen\u00edm prakti\u010dnosti pro ka\u017edodenn\u00ed ko\u010di\u010d\u00ed hr\u00e1tky a luxusn\u00edho vzhledu.<\/p>\n<p>Extra m\u011bkk\u00fd ply\u0161 pro po\u017eitek z mazlen\u00ed dopl\u0148uje bambulka z um\u011bl\u00e9 ov\u010d\u00ed vlny na oc\u00e1sku.<\/p>\n<p>Velikost: 7 x 7 x 3 cm<\/p>\n<p><strong>Varianta dle aktu\u00e1ln\u00ed nab\u00eddky.<\/strong><\/li>\n<\/ul>\n","protected":false},"excerpt":{"rendered":"<p>Ply\u0161ov\u00e1 my\u0161ka napu\u0161t\u011bn\u00e1 \u0161antou s oc\u00e1skem s bambulkou. Balen\u00ed 3 ks. Velikost 7 cm. Varianta dle aktu\u00e1ln\u00ed nab\u00eddky.<\/p>\n","protected":false},"featured_media":190,"comment_status":"open","ping_status":"closed","template":"","meta":{"site-sidebar-layout":"no-sidebar","site-content-layout":"default","ast-main-header-display":"","ast-hfb-above-header-display":"","ast-hfb-below-header-display":"","ast-hfb-mobile-header-display":"","site-post-title":"","ast-breadcrumbs-content":"","ast-featured-img":"","footer-sml-layout":"","theme-transparent-header-meta":"","adv-header-id-meta":"","stick-header-meta":"","header-above-stick-meta":"","header-main-stick-meta":"","header-below-stick-meta":""},"product_cat":[24],"product_tag":[],"class_list":{"0":"post-189","1":"product","2":"type-product","3":"status-publish","4":"has-post-thumbnail","6":"product_cat-kocky","7":"product_shipping_class-ppl","9":"first","10":"instock","11":"taxable","12":"shipping-taxable","13":"purchasable","14":"product-type-simple"},"_links":{"self":[{"href":"https:\/\/hafhaf.eu\/index.php?rest_route=\/wp\/v2\/product\/189","targetHints":{"allow":["GET"]}}],"collection":[{"href":"https:\/\/hafhaf.eu\/index.php?rest_route=\/wp\/v2\/product"}],"about":[{"href":"https:\/\/hafhaf.eu\/index.php?rest_route=\/wp\/v2\/types\/product"}],"replies":[{"embeddable":true,"href":"https:\/\/hafhaf.eu\/index.php?rest_route=%2Fwp%2Fv2%2Fcomments&post=189"}],"wp:featuredmedia":[{"embeddable":true,"href":"https:\/\/hafhaf.eu\/index.php?rest_route=\/wp\/v2\/media\/190"}],"wp:attachment":[{"href":"https:\/\/hafhaf.eu\/index.php?rest_route=%2Fwp%2Fv2%2Fmedia&parent=189"}],"wp:term":[{"taxonomy":"product_cat","embeddable":true,"href":"https:\/\/hafhaf.eu\/index.php?rest_route=%2Fwp%2Fv2%2Fproduct_cat&post=189"},{"taxonomy":"product_tag","embeddable":true,"href":"https:\/\/hafhaf.eu\/index.php?rest_route=%2Fwp%2Fv2%2Fproduct_tag&post=189"}],"curies":[{"name":"wp","href":"https:\/\/api.w.org\/{rel}","templated":true}]}}