{"id":191,"date":"2022-01-02T01:32:09","date_gmt":"2022-01-02T00:32:09","guid":{"rendered":"https:\/\/hafhaf.eu\/?post_type=product&#038;p=191"},"modified":"2022-01-02T14:31:20","modified_gmt":"2022-01-02T13:31:20","slug":"alavis-hemagel-7g","status":"publish","type":"product","link":"https:\/\/hafhaf.eu\/?product=alavis-hemagel-7g","title":{"rendered":"Alavis Hemagel 7g"},"content":{"rendered":"<ul class=\"ui--tabs-contents text-left clearfix\">\n<li id=\"description\" class=\"first-item last-item active\"><strong>Hydrofiln\u00ed gel k\u00a0urychlen\u00ed hojen\u00ed ran<\/strong>\n<p>ALAVIS\u2122 Hemagel\u00a0je vhodn\u00fd pro velk\u00e1 i\u00a0mal\u00e1 dom\u00e1c\u00ed i\u00a0exotick\u00e1 zv\u00ed\u0159ata.<\/p>\n<p>ALAVIS\u2122 Hemagel\u00a0p\u0159in\u00e1\u0161\u00ed snadn\u00e9 a rychl\u00e9 o\u0161et\u0159en\u00ed r\u00e1ny s\u00a0okam\u017eitou \u00falevou.<\/p>\n<p>ALAVIS\u2122 Hemagel\u00a0hoj\u00ed jak drobn\u00e1 poran\u011bn\u00ed, tak i\u00a0v\u011bt\u0161\u00ed chronick\u00e9\u00a0r\u00e1ny.<\/p>\n<p>&nbsp;<\/p>\n<p><strong>Pro\u010d pou\u017e\u00edvat formu gelu k\u00a0o\u0161et\u0159ov\u00e1n\u00ed ran?\u00a0ALAVIS\u2122 Hemagel d\u00edky sv\u00fdm vlastnostem prok\u00e1zal,\u00a0\u017ee:<\/strong><\/p>\n<ul>\n<li>chemicky v\u00e1\u017ee kysl\u00edkov\u00e9 radik\u00e1ly, kter\u00e9 vznikaj\u00ed p\u0159i z\u00e1n\u011btliv\u00fdch procesech<\/li>\n<li>vytv\u00e1\u0159\u00ed optim\u00e1ln\u00ed pH v\u00a0r\u00e1n\u011b a t\u00edm napom\u00e1h\u00e1 hojen\u00ed<\/li>\n<li>prov\u011b\u0159en\u00e1 struktura gelu zabra\u0148uje uvol\u0148ov\u00e1n\u00ed \u010d\u00e1ste\u010dek gelu do r\u00e1ny s\u00a0n\u00e1slednou iritac\u00ed<\/li>\n<li>dod\u00e1v\u00e1 vlhkost do r\u00e1ny<\/li>\n<li>zabra\u0148uje vysu\u0161ov\u00e1n\u00ed r\u00e1ny a tvorb\u011b strupu<\/li>\n<li>m\u00e1 savou schopnost a t\u00edm \u010dist\u00ed zne\u010di\u0161t\u011bn\u00e9 r\u00e1ny<\/li>\n<li>sni\u017euje bolestivost ran<\/li>\n<li>podporuje uzav\u00edr\u00e1n\u00ed r\u00e1ny jizvou<\/li>\n<li>ji\u017e b\u011bhem o\u0161et\u0159ov\u00e1n\u00ed zm\u011bk\u010duje a zlep\u0161uje vhled jizvy<\/li>\n<li>je protiz\u00e1n\u011btliv\u00fd<\/li>\n<\/ul>\n<p>&nbsp;<\/p>\n<p>Unik\u00e1tn\u00ed slo\u017een\u00ed v\u00fdrobku umo\u017e\u0148uje chemicky v\u00e1zat kysl\u00edkov\u00e9 radik\u00e1ly, kter\u00e9 vznikaj\u00ed p\u0159i z\u00e1n\u011btliv\u00fdch procesech, urychluje proces hojen\u00ed r\u00e1ny, sni\u017euje riziko komplikovan\u00e9ho hojen\u00ed a potla\u010duje bolestivost v\u00a0r\u00e1n\u011b. Vytv\u00e1\u0159\u00ed povrchovou vrstvu, kter\u00e1 se chov\u00e1 jako druh\u00e1 k\u016f\u017ee, \u010d\u00edm\u017e napom\u00e1h\u00e1 ochran\u011b p\u0159ed vn\u011bj\u0161\u00edmi vlivy a vytv\u00e1\u0159\u00ed p\u0159\u00edzniv\u00e9 prost\u0159ed\u00ed pro hojen\u00ed ran jak akutn\u00edch, tak i\u00a0ran chronick\u00fdch (nap\u0159. poopera\u010dn\u00edch a ostatn\u00edch po\u0161kozen\u00ed k\u016f\u017ee). Mokr\u00e9 prost\u0159ed\u00ed p\u0159i l\u00e9\u010db\u011b ran je modern\u00ed a z\u00e1rove\u0148 z\u00e1kladn\u00ed podstatou o\u0161et\u0159ov\u00e1n\u00ed. Stabiln\u00ed vlhkost v\u00a0r\u00e1n\u011b zabra\u0148uje tvorb\u011b strupu a t\u00edm pom\u00e1h\u00e1 urychlovat proces hojen\u00ed.<\/p>\n<p>Velikost balen\u00ed:\u00a07\u00a0g<\/p>\n<p><strong>Slo\u017een\u00ed:<\/strong><\/p>\n<p>ALAVIS\u2122 Hemagel je hydrofiln\u00ed methakryl\u00e1tov\u00fd gel na b\u00e1zi s\u00ed\u0165ovan\u00e9ho kopolymeru 2-hydroxyethylmet\u00adhakryl\u00e1tu obsahuj\u00edc\u00edho polymern\u011b v\u00e1zan\u00e9 stericky st\u00edn\u011bn\u00e9 aminoskupiny, vyvinut\u00fd \u00dastavem Makromolekul\u00e1rn\u00ed Chemie AV\u00a0\u010cR.<\/p>\n<p><strong>Zp\u016fsob pou\u017eit\u00ed:<\/strong><\/p>\n<ul>\n<li>O\u010dist\u011bte r\u00e1nu od mechanick\u00fdch ne\u010distot, nap\u0159. \u010d\u00e1ste\u010dek prachu, zbytku p\u0159edchoz\u00edch l\u00e9\u010debn\u00fdch materi\u00e1l\u016f, kter\u00e9 by mohly n\u00e1sledn\u011b dr\u00e1\u017edit a po\u0161kozovat\u00a0r\u00e1nu.<\/li>\n<li>Otev\u0159ete tubu vpichem pomoc\u00ed oto\u010den\u00e9ho v\u00ed\u010dka.<\/li>\n<li>Aplikujte mal\u00e9 mno\u017estv\u00ed gelu na celou spodinu r\u00e1ny. Gel p\u0159ilne na spodinu r\u00e1ny a postupn\u011b absorbuje sekrety a dal\u0161\u00ed tekutiny z\u00a0r\u00e1ny.<\/li>\n<li>Gel aplikujte dle pot\u0159eby minim\u00e1ln\u011b 1\u00a0x za 24\u00a0hodin<\/li>\n<li>Po vy\u0161\u0161\u00ed \u00fa\u010dinek je vhodn\u00e9 kr\u00fdt r\u00e1nu steriln\u00edm \u010dtvercem nejl\u00e9pe z\u00a0netkan\u00e9ho textilu. Fixa\u010dn\u00ed materi\u00e1ly by m\u011bly p\u0159esahovat cca 1\u00a0cm p\u0159es okraj r\u00e1ny. P\u0159evaz prov\u00e1d\u011bjte dle pot\u0159eby nejd\u00e9le po 24\u00a0hodin\u00e1ch do vymizen\u00ed probl\u00e9mu. U\u00a0infikovan\u00fdch ran doporu\u010dujeme \u010dast\u011bj\u0161\u00ed v\u00fdm\u011bny obvazu.<\/li>\n<li>Aplikace gelu nenahrazuje pod\u00e1n\u00ed antibiotik u\u00a0siln\u011b infikovan\u00fdch\u00a0ran.<\/li>\n<li>\u00da\u010dinek gelu se projevuje bobtn\u00e1n\u00edm. Unik\u00e1tn\u00ed technologie gelu zabra\u0148uje p\u0159ilepen\u00ed k\u00a0r\u00e1n\u011b a t\u00edm umo\u017e\u0148uje i\u00a0velmi snadn\u00e9 odstran\u011bn\u00ed bez bolesti jemn\u00fdm set\u0159en\u00edm.<\/li>\n<li>Dodr\u017eujte doporu\u010den\u00ed veterin\u00e1rn\u00edho l\u00e9ka\u0159e.<\/li>\n<\/ul>\n<p><strong>Upozorn\u011bn\u00ed:<\/strong><\/p>\n<p>P\u0159\u00edpravek je autosteriln\u00ed\u00a0\u2013 je mo\u017en\u00e9 ho po otev\u0159en\u00ed pou\u017e\u00edvat po celou dobu pou\u017eitelnosti. P\u0159i pou\u017eit\u00ed ALAVIS\u2122 Hemagelu nebyly pops\u00e1ny \u017e\u00e1dn\u00e9 vedlej\u0161\u00ed \u00fa\u010dinky typu alergi\u00ed, zv\u00fd\u0161en\u00ed bolestivosti apod., ani \u017e\u00e1dn\u00e9 dal\u0161\u00ed kontraindikace. P\u0159\u00edpravek nesm\u00ed b\u00fdt pou\u017e\u00edv\u00e1n po uplynut\u00ed doby pou\u017eitelnosti vyzna\u010den\u00e9 na tub\u011b. V\u00a0p\u0159\u00edpad\u011b v\u00fdskytu vedlej\u0161\u00edch ne\u017e\u00e1douc\u00edch \u00fa\u010dink\u016f (zv\u00fd\u0161en\u00e1 bolestivost, zarudnut\u00ed apod.) p\u0159eru\u0161te l\u00e9\u010dbu a pora\u010fte se s\u00a0veterin\u00e1rn\u00edm l\u00e9ka\u0159em. P\u0159\u00edpravek nen\u00ed ur\u010den pro vnit\u0159n\u00ed pou\u017eit\u00ed.<\/p>\n<ul>\n<li>V\u00fdrobce:\u00a0VH Pharma, a.s., Jakubsk\u00e1 647\/2, 110 00 Praha 1<\/li>\n<li>Dr\u017eitel rozhodnut\u00ed o schv\u00e1len\u00ed:\u00a0Patron ca, s.r.o.,\u00a0Praha, \u010cesk\u00e1 republika<\/li>\n<\/ul>\n<p>Veterin\u00e1rn\u00ed p\u0159\u00edpravek je schv\u00e1len \u00daSKVBL pod \u010d\u00edslem 146\u201312\/C.<\/li>\n<\/ul>\n","protected":false},"excerpt":{"rendered":"<p>Hemagel je vhodn\u00fd pro velk\u00e1 i mal\u00e1 dom\u00e1c\u00ed i exotick\u00e1 zv\u00ed\u0159ata. ALAVIS Hemagel p\u0159in\u00e1\u0161\u00ed snadn\u00e9 a rychl\u00e9 o\u0161et\u0159en\u00ed r\u00e1ny s okam\u017eitou \u00falevou. Urychluje proces hojen\u00ed drobn\u00fdch poran\u011bn\u00ed i v\u011bt\u0161\u00edch chronick\u00fdch ran. Potla\u010duje bolestivost v r\u00e1n\u011b.<\/p>\n","protected":false},"featured_media":192,"comment_status":"open","ping_status":"closed","template":"","meta":{"site-sidebar-layout":"no-sidebar","site-content-layout":"default","ast-main-header-display":"","ast-hfb-above-header-display":"","ast-hfb-below-header-display":"","ast-hfb-mobile-header-display":"","site-post-title":"","ast-breadcrumbs-content":"","ast-featured-img":"","footer-sml-layout":"","theme-transparent-header-meta":"","adv-header-id-meta":"","stick-header-meta":"","header-above-stick-meta":"","header-main-stick-meta":"","header-below-stick-meta":""},"product_cat":[24],"product_tag":[],"class_list":{"0":"post-191","1":"product","2":"type-product","3":"status-publish","4":"has-post-thumbnail","6":"product_cat-kocky","7":"product_shipping_class-ppl","9":"first","10":"instock","11":"taxable","12":"shipping-taxable","13":"purchasable","14":"product-type-simple"},"_links":{"self":[{"href":"https:\/\/hafhaf.eu\/index.php?rest_route=\/wp\/v2\/product\/191","targetHints":{"allow":["GET"]}}],"collection":[{"href":"https:\/\/hafhaf.eu\/index.php?rest_route=\/wp\/v2\/product"}],"about":[{"href":"https:\/\/hafhaf.eu\/index.php?rest_route=\/wp\/v2\/types\/product"}],"replies":[{"embeddable":true,"href":"https:\/\/hafhaf.eu\/index.php?rest_route=%2Fwp%2Fv2%2Fcomments&post=191"}],"wp:featuredmedia":[{"embeddable":true,"href":"https:\/\/hafhaf.eu\/index.php?rest_route=\/wp\/v2\/media\/192"}],"wp:attachment":[{"href":"https:\/\/hafhaf.eu\/index.php?rest_route=%2Fwp%2Fv2%2Fmedia&parent=191"}],"wp:term":[{"taxonomy":"product_cat","embeddable":true,"href":"https:\/\/hafhaf.eu\/index.php?rest_route=%2Fwp%2Fv2%2Fproduct_cat&post=191"},{"taxonomy":"product_tag","embeddable":true,"href":"https:\/\/hafhaf.eu\/index.php?rest_route=%2Fwp%2Fv2%2Fproduct_tag&post=191"}],"curies":[{"name":"wp","href":"https:\/\/api.w.org\/{rel}","templated":true}]}}