{"id":197,"date":"2022-01-02T01:40:41","date_gmt":"2022-01-02T00:40:41","guid":{"rendered":"https:\/\/hafhaf.eu\/?post_type=product&#038;p=197"},"modified":"2022-01-02T14:31:07","modified_gmt":"2022-01-02T13:31:07","slug":"aatu-dog-80-20-chicken-15kg","status":"publish","type":"product","link":"https:\/\/hafhaf.eu\/?product=aatu-dog-80-20-chicken-15kg","title":{"rendered":"AATU Dog 80\/20 Chicken 1,5kg"},"content":{"rendered":"<ul class=\"ui--tabs-contents text-left clearfix\">\n<li id=\"description\" class=\"first-item last-item active\">AATU Ku\u0159e \u2013 (Chicken)<br \/>\nKompletn\u00ed krmivo pro dosp\u011bl\u00e9 psy<br \/>\n<u>Slo\u017een\u00ed<\/u><br \/>\nKu\u0159e 80% (\u010derstv\u011b p\u0159ipravovan\u00e9 ku\u0159e 50\u00a0%, su\u0161en\u00e9 ku\u0159e 30\u00a0%), bat\u00e1ty, cizrna, hr\u00e1ch, vojt\u011b\u0161ka, ku\u0159ec\u00ed koncentr\u00e1t, lososov\u00fd olej, su\u0161en\u00e1 mrkev, su\u0161en\u00e1 raj\u010data, \u010dekanka, tapioka, jablko, hru\u0161ka, brusinky, bor\u016fvky, moru\u0161e, pomeran\u010d, brusnice bor\u016fvka, brusnice brusinka, petr\u017eel, m\u00e1ta peprn\u00e1, spirulina, mo\u0159sk\u00e9 \u0159asy, oregano, \u0161alv\u011bj, major\u00e1nka, tymi\u00e1n, he\u0159m\u00e1nek, \u0161\u00edpek, kop\u0159iva dvoudom\u00e1, juka, m\u011bs\u00ed\u010dek, an\u00fdz, p\u00edskavice \u0159eck\u00e9 seno, sko\u0159ice, p\u0159\u00edpravek pro p\u00e9\u010di o ky\u010dle a klouby (glukosamin 350\u00a0mg\/kg, MSM 350\u00a0mg\/kg, chondroitin 240\u00a0mg\/kg).<\/p>\n<p>Bez p\u0159idan\u00fdch syntetick\u00fdch barviv, dochucovadel a\u00a0konzerva\u010dn\u00edch l\u00e1tek.<\/p>\n<p><u>Analytick\u00e9 slo\u017eky (%)<\/u><br \/>\nHrub\u00fd protein 32\u00a0%, obsah tuku 16%, hrub\u00e1 vl\u00e1knina 3%, obsah anorganick\u00fdch l\u00e1tek 7\u00a0%, vlhkost 8\u00a0%, omega-6 3,4\u00a0%, omega-3 1,1 %<\/p>\n<p><u>Nutri\u010dn\u00ed dopl\u0148kov\u00e9 l\u00e1tky (na kg)<\/u><br \/>\nL-karnitin 200\u00a0mg<\/p>\n<p><u>Vitam\u00edny<\/u><br \/>\nVitam\u00edn A 17 310 IU, vitam\u00edn D3 1\u00a0540\u00a0IU, vitam\u00edn E 480\u00a0IU<\/p>\n<p><u>Stopov\u00e9 prvky ve form\u011b slou\u010denin<\/u><br \/>\nMonohydr\u00e1t s\u00edranu \u017eeleznat\u00e9ho 641\u00a0mg, monohydr\u00e1t s\u00edranu zine\u010dnat\u00e9ho 534\u00a0mg, monohydr\u00e1t s\u00edranu manganat\u00e9ho 105\u00a0mg, pentahydr\u00e1t s\u00edranu m\u011b\u010fnat\u00e9ho 38\u00a0mg, jodi\u010dnan v\u00e1penat\u00fd bezvod\u00fd 4,72\u00a0mg, seleni\u010ditan sodn\u00fd 0,53\u00a0mg<\/p>\n<p><u>D\u00e1vkov\u00e1n\u00ed<\/u><br \/>\nV\u00e1ha psa \/ doporu\u010den\u00e1 denn\u00ed d\u00e1vka<br \/>\n5kg\u00a0\u00a0\u00a0\u00a0\u00a0\u00a0\u00a0\u00a0\u00a0\u00a0 75 \u2013 100 g<br \/>\n10kg\u00a0\u00a0\u00a0\u00a0\u00a0\u00a0\u00a0\u00a0\u00a0\u00a0\u00a080 \u2013 140 g<br \/>\n15kg\u00a0\u00a0\u00a0\u00a0\u00a0\u00a0\u00a0\u00a0\u00a0100 \u2013 200 g<br \/>\n20kg\u00a0\u00a0\u00a0\u00a0\u00a0\u00a0\u00a0\u00a0 120 \u2013 250 g<br \/>\n30kg\u00a0\u00a0\u00a0\u00a0\u00a0\u00a0\u00a0\u00a0\u00a0190 \u2013 350 g<br \/>\n40kg+\u00a0\u00a0\u00a0\u00a0\u00a0\u00a0 270 \u2013 450 g<\/li>\n<\/ul>\n","protected":false},"excerpt":{"rendered":"<p>AATU \u2013 \u201cu\u0161lechtil\u00fd vlk\u201d. Evolu\u010dn\u00ed p\u0159\u00edrodn\u00ed krmivo \u2013 80% masa, 20% ovoce, zeleniny, bylin a ko\u0159en\u00ed, 0% obil\u00ed, lepku a brambor.<\/p>\n","protected":false},"featured_media":199,"comment_status":"open","ping_status":"closed","template":"","meta":{"site-sidebar-layout":"no-sidebar","site-content-layout":"default","ast-main-header-display":"","ast-hfb-above-header-display":"","ast-hfb-below-header-display":"","ast-hfb-mobile-header-display":"","site-post-title":"","ast-breadcrumbs-content":"","ast-featured-img":"","footer-sml-layout":"","theme-transparent-header-meta":"","adv-header-id-meta":"","stick-header-meta":"","header-above-stick-meta":"","header-main-stick-meta":"","header-below-stick-meta":""},"product_cat":[23],"product_tag":[],"class_list":{"0":"post-197","1":"product","2":"type-product","3":"status-publish","4":"has-post-thumbnail","6":"product_cat-psi","7":"product_shipping_class-ppl","9":"first","10":"instock","11":"taxable","12":"shipping-taxable","13":"purchasable","14":"product-type-simple"},"_links":{"self":[{"href":"https:\/\/hafhaf.eu\/index.php?rest_route=\/wp\/v2\/product\/197","targetHints":{"allow":["GET"]}}],"collection":[{"href":"https:\/\/hafhaf.eu\/index.php?rest_route=\/wp\/v2\/product"}],"about":[{"href":"https:\/\/hafhaf.eu\/index.php?rest_route=\/wp\/v2\/types\/product"}],"replies":[{"embeddable":true,"href":"https:\/\/hafhaf.eu\/index.php?rest_route=%2Fwp%2Fv2%2Fcomments&post=197"}],"wp:featuredmedia":[{"embeddable":true,"href":"https:\/\/hafhaf.eu\/index.php?rest_route=\/wp\/v2\/media\/199"}],"wp:attachment":[{"href":"https:\/\/hafhaf.eu\/index.php?rest_route=%2Fwp%2Fv2%2Fmedia&parent=197"}],"wp:term":[{"taxonomy":"product_cat","embeddable":true,"href":"https:\/\/hafhaf.eu\/index.php?rest_route=%2Fwp%2Fv2%2Fproduct_cat&post=197"},{"taxonomy":"product_tag","embeddable":true,"href":"https:\/\/hafhaf.eu\/index.php?rest_route=%2Fwp%2Fv2%2Fproduct_tag&post=197"}],"curies":[{"name":"wp","href":"https:\/\/api.w.org\/{rel}","templated":true}]}}